{"id":914,"date":"2020-05-11T22:54:30","date_gmt":"2020-05-12T01:54:30","guid":{"rendered":"https:\/\/isfd136-bue.infd.edu.ar\/sitio\/?page_id=914"},"modified":"2021-02-18T02:05:43","modified_gmt":"2021-02-18T05:05:43","slug":"profesorado-de-educacion-secundaria-en-lengua-y-literatura","status":"publish","type":"page","link":"https:\/\/isfd136-bue.infd.edu.ar\/sitio\/profesorado-de-educacion-secundaria-en-lengua-y-literatura\/","title":{"rendered":"Profesorado de educaci\u00f3n Secundaria en Lengua y Literatura"},"content":{"rendered":"<p><strong><span style=\"color: #000000;\">Profesorado de Educaci\u00f3n Secundaria en Lengua y Literatura<\/span><\/strong><img decoding=\"async\" loading=\"lazy\" class=\"alignleft wp-image-901\" src=\"https:\/\/isfd136-bue.infd.edu.ar\/sitio\/wp-content\/uploads\/2020\/05\/profesorado-de-lengua-y-literatura.png\" alt=\"\" width=\"441\" height=\"243\" \/><\/p>\n<p style=\"text-align: left;\"><strong><span style=\"color: #000000;\">T\u00edtulo Oficial: <\/span><\/strong>Profesor\/a de Educaci\u00f3n Secundaria en Lengua y Literatura<\/p>\n<p style=\"text-align: left;\"><strong><span style=\"color: #000000;\">Resoluci\u00f3n:<\/span><\/strong> 1862\/17<\/p>\n<p style=\"text-align: left;\"><strong><span style=\"color: #000000;\">Lugar de Cursada:<\/span><\/strong> Extensi\u00f3n Punta Lara<\/p>\n<p style=\"text-align: left;\"><strong><span style=\"color: #000000;\">Duraci\u00f3n de la Carrera:<\/span> <\/strong>Cuatro a\u00f1os.<\/p>\n<p style=\"text-align: left;\"><strong><span style=\"color: #000000;\">\u00a0 \u00a0 \u00a0 \u00a0 \u00a0 \u00a0 \u00a0 \u00a0 \u00a0 \u00a0 \u00a0 \u00a0 \u00a0 \u00a0 \u00a0 \u00a0 \u00a0 \u00a0 \u00a0 \u00a0 \u00a0 \u00a0 \u00a0 \u00a0 \u00a0 \u00a0 \u00a0 \u00a0 \u00a0 \u00a0 \u00a0 \u00a0 \u00a0 \u00a0 \u00a0 \u00a0 \u00a0 \u00a0 \u00a0 \u00a0 \u00a0 \u00a0 \u00a0 \u00a0 \u00a0 \u00a0 \u00a0 \u00a0 \u00a0 \u00a0 \u00a0 \u00a0 \u00a0 \u00a0 \u00a0 \u00a0 Modalidad: <\/span><\/strong>Presencial<\/p>\n<p><img decoding=\"async\" loading=\"lazy\" class=\"alignleft wp-image-915\" src=\"https:\/\/isfd136-bue.infd.edu.ar\/sitio\/wp-content\/uploads\/2020\/05\/Imagen1.png\" alt=\"\" width=\"266\" height=\"63\" srcset=\"https:\/\/isfd136-bue.infd.edu.ar\/sitio\/wp-content\/uploads\/2020\/05\/Imagen1.png 509w, https:\/\/isfd136-bue.infd.edu.ar\/sitio\/wp-content\/uploads\/2020\/05\/Imagen1-500x121.png 500w\" sizes=\"(max-width: 266px) 100vw, 266px\" \/><\/p>\n<p>&nbsp;<\/p>\n<p>&nbsp;<\/p>\n<p>El Profesorado de Educaci\u00f3n Secundaria en Lengua y Literatura tiene\u00a0como finalidad la preparaci\u00f3n de docentes que sean capaces de ense\u00f1ar, producir y\u00a0transmitir los conocimientos y valores necesarios para la formaci\u00f3n integral de las\u00a0personas, el desarrollo nacional y la construcci\u00f3n de una sociedad m\u00e1s justa.<\/p>\n<p>Se propone fortalecer la autoridad pedag\u00f3gica mediante la formaci\u00f3n de docentes que\u00a0puedan fundamentar sus pr\u00e1cticas de ense\u00f1anza con argumentos te\u00f3ricos y\u00a0metodol\u00f3gicos.<\/p>\n<p>En este sentido, se busca generar condiciones para la construcci\u00f3n de una identidad\u00a0profesional que parta del reconocimiento del profesor como agente p\u00fablico, como\u00a0intelectual y como trabajador de la educaci\u00f3n, tanto en el nivel formador como en la\u00a0articulaci\u00f3n con la Educaci\u00f3n Secundaria en sus \u00e1mbitos y modalidades, mediante\u00a0estrategias que profundicen la relaci\u00f3n de las instituciones formadoras con las\u00a0instituciones asociadas.<\/p>\n<p>El proceso de formaci\u00f3n de los estudiantes debe generar condiciones para el ejercicio de\u00a0la\u00a0 responsabilidad de los propios procesos de formaci\u00f3n.<\/p>\n<p>&nbsp;<\/p>\n<p><img decoding=\"async\" loading=\"lazy\" class=\"wp-image-916 alignleft\" src=\"https:\/\/isfd136-bue.infd.edu.ar\/sitio\/wp-content\/uploads\/2020\/05\/Imagen2.png\" alt=\"\" width=\"208\" height=\"62\" \/><\/p>\n<p>&nbsp;<\/p>\n<p>&nbsp;<\/p>\n<p>Partiendo de los lineamientos Curriculares para el Profesorado de Educaci\u00f3n Secundaria en Lengua y Literatura, propuesto por la direcci\u00f3n General de Cultura y Educaci\u00f3n de la Provincia de Buenos Aires, el egresado deber\u00e1 ser una persona capaz de:<\/p>\n<ul>\n<li>Dise\u00f1ar, gestionar y evaluar los procesos de ense\u00f1anza y de aprendizaje en la Educaci\u00f3n Secundaria.<\/li>\n<li>Dise\u00f1ar unidades did\u00e1cticas, proyectos y planificaciones anuales que contemplen la relevancia de los contenidos y actividades para diferentes grupos considerando el contexto sociocultural, y en funci\u00f3n de distintas unidades de tiempo.<\/li>\n<li>Utilizar estrategias que contribuyan tanto a favorecer las din\u00e1micas grupales de la clase, como el enfoque de la diversidad.<\/li>\n<li>Establecer pautas y reglas para el desarrollo de las tareas de ense\u00f1anza en la clase (pautas, reglas, h\u00e1bitos, actitudes).<\/li>\n<li>Considerar actividades de evaluaci\u00f3n en relaci\u00f3n con las actividades de ense\u00f1anza, y utilizar la evaluaci\u00f3n para brindar informaci\u00f3n a los\/as estudiantes y a las familias sobre su proceso de aprendizaje y sugerencias para su progreso.<\/li>\n<li>Valorar y promover la participaci\u00f3n, el compromiso y el trabajo compartido con otros.<\/li>\n<li>Promover el trabajo colaborativo entre pares, la participaci\u00f3n y el intercambio tendiente a promover nuevos aprendizajes.<\/li>\n<\/ul>\n<p><img decoding=\"async\" loading=\"lazy\" class=\"wp-image-917 alignleft\" src=\"https:\/\/isfd136-bue.infd.edu.ar\/sitio\/wp-content\/uploads\/2020\/05\/Imagen3.png\" alt=\"\" width=\"171\" height=\"62\" \/><\/p>\n<p>&nbsp;<\/p>\n<p>&nbsp;<\/p>\n<p>&nbsp;<\/p>\n<p>&nbsp;<\/p>\n<p>&nbsp;<\/p>\n<p>&nbsp;<\/p>\n<p>&nbsp;<\/p>\n","protected":false},"excerpt":{"rendered":"<p>Profesorado de Educaci\u00f3n Secundaria en Lengua y Literatura T\u00edtulo Oficial: Profesor\/a de Educaci\u00f3n Secundaria en Lengua y Literatura Resoluci\u00f3n: 1862\/17 Lugar de Cursada: Extensi\u00f3n Punta Lara Duraci\u00f3n de la Carrera: Cuatro a\u00f1os. \u00a0 \u00a0 \u00a0 \u00a0 \u00a0 \u00a0 \u00a0 \u00a0 \u00a0 \u00a0 \u00a0 \u00a0 \u00a0 \u00a0 \u00a0 \u00a0 \u00a0 \u00a0 \u00a0 \u00a0 \u00a0 \u00a0 \u00a0 &#8230; <a title=\"Profesorado de educaci\u00f3n Secundaria en Lengua y Literatura\" class=\"read-more\" href=\"https:\/\/isfd136-bue.infd.edu.ar\/sitio\/profesorado-de-educacion-secundaria-en-lengua-y-literatura\/\" aria-label=\"More on Profesorado de educaci\u00f3n Secundaria en Lengua y Literatura\">[+]<\/a><\/p>\n","protected":false},"author":709,"featured_media":0,"parent":0,"menu_order":0,"comment_status":"closed","ping_status":"closed","template":"","meta":[],"acf":[],"_links":{"self":[{"href":"https:\/\/isfd136-bue.infd.edu.ar\/sitio\/wp-json\/wp\/v2\/pages\/914"}],"collection":[{"href":"https:\/\/isfd136-bue.infd.edu.ar\/sitio\/wp-json\/wp\/v2\/pages"}],"about":[{"href":"https:\/\/isfd136-bue.infd.edu.ar\/sitio\/wp-json\/wp\/v2\/types\/page"}],"author":[{"embeddable":true,"href":"https:\/\/isfd136-bue.infd.edu.ar\/sitio\/wp-json\/wp\/v2\/users\/709"}],"replies":[{"embeddable":true,"href":"https:\/\/isfd136-bue.infd.edu.ar\/sitio\/wp-json\/wp\/v2\/comments?post=914"}],"version-history":[{"count":5,"href":"https:\/\/isfd136-bue.infd.edu.ar\/sitio\/wp-json\/wp\/v2\/pages\/914\/revisions"}],"predecessor-version":[{"id":1180,"href":"https:\/\/isfd136-bue.infd.edu.ar\/sitio\/wp-json\/wp\/v2\/pages\/914\/revisions\/1180"}],"wp:attachment":[{"href":"https:\/\/isfd136-bue.infd.edu.ar\/sitio\/wp-json\/wp\/v2\/media?parent=914"}],"curies":[{"name":"wp","href":"https:\/\/api.w.org\/{rel}","templated":true}]}}